at is the units digit of (-516)/(6/x) + -5?
1
Let m = -114 - -4427. What is the thousands digit of m?
4
Suppose s = -8 + 7. Let y(h) = h**3 + h. Let z(c) = 2*c**2 - c + 1. Let r(a) = s*z(a) + y(a). What is the units digit of r(4)?
9
Suppose 93*o + 4*s + 123656 = 98*o, -49460 = -2*o + 2*s. What is the hundreds digit of o?
7
Let c(o) = o**2 + 11*o + 7. Suppose -5*u - 6*b + b = -5, -3*u + b = 9. Let f be u/12 + 1075/150. What is the tens digit of c(f)?
3
Suppose -7*u + 1970 = 311. Suppose -500 = 4*v - 5*b, 5*v + 2*b + 625 = -2*b. Let m = v + u. What is the tens digit of m?
1
Suppose -k - 5*l = -23, -4*l + 5*l - 28 = -2*k. Let w = k - 76. Let y = w - -102. What is the units digit of y?
9
Let h = 30837 - 19499. What is the tens digit of h?
3
What is the thousands digit of (1/5)/((-9)/(-216765))?
4
Suppose -59054*w + 59059*w - 129715 = 0. What is the tens digit of w?
4
Suppose 0 = -2494*f + 2528*f - 747320. What is the hundreds digit of f?
9
Let v(l) = -l**3 + 6*l**2 - 10*l + 5. Let h be v(5). Let p be 12/(-20) - 14712/h. Suppose -p = -4*w + w. What is the units digit of w?
5
Suppose -49*f + 1121 = p - 48*f, f = 4*p - 4489. What is the units digit of p?
2
Suppose 2*b - 8 = -3*s + 4*s, -5*s = 0. Suppose 3*j + b*y - 1178 = 0, -5*y = -0 + 5. What is the tens digit of j?
9
Let u = -642 - -260. Let c = u + 1022. What is the units digit of c?
0
Let w = 2975 - -2619. What is the tens digit of w?
9
Let h(r) = -125*r**3 + 26*r**2 + 110*r - 1. What is the thousands digit of h(-5)?
5
Let k = -52 + 55. Let g be ((-54)/21)/k*(16 + -2). What is the tens digit of (-2)/g - (-4433)/78?
5
What is the ten thousands digit of ((-6252158)/(-33))/(-34)*-3?
1
Let g = -7634 - -20977. What is the tens digit of g?
4
Let o(n) = 66*n - 76. Let b be o(24). Suppose -3546 = -38*d + b. What is the units digit of d?
3
Let s(i) be the third derivative of 47*i**4/24 + 46*i**3/3 - 59*i**2 - 2*i. What is the units digit of s(13)?
3
Let o(c) = 3479*c**2 - 9*c. What is the ten thousands digit of o(2)?
1
What is the tens digit of 4/(-46) + 2063120/230 + 12?
8
Suppose 62 - 47 = -3*i. Let j(s) = -65*s - 21. What is the units digit of j(i)?
4
Let h(l) = -5*l - 41. Let r be h(-11). Let y(g) = 13*g + r*g**2 - 2*g**2 + g**3 - g**2 - 5 - 6*g. What is the units digit of y(-9)?
4
Let a(q) = -10*q**3 + 13 - 6*q**2 + 17*q**3 - 9*q**3 - q. Let w be a(-6). Suppose -3*c - 19 = -w. What is the tens digit of c?
7
Suppose -4*d + 3*f = -4097, -d - f - 4107 = -5*d. Suppose -2*t = -2*a - d, -16*t + 18*t - 1022 = 4*a. What is the hundreds digit of t?
5
What is the thousands digit of 3021 - (8 + -7) - (-30)/(-5)?
3
Let v = 14353 - 12298. What is the units digit of v?
5
Let y be 1 - 1 - (-100 + -2). Let o(b) = 106*b - 416. Let q be o(5). Suppose 0*z - z + f = -q, 5*f = z - y. What is the hundreds digit of z?
1
What is the tens digit of (4360616/(-460))/((-4)/10) + -1?
9
Let r be 2/3 + (-1 - 17/3). Let d(w) = 2*w**3 + 12*w**2 + w + 8. Let u be d(r). Suppose 0 = -u*m + 446 - 52. What is the hundreds digit of m?
1
Let y = -7 + -24. Let v(r) = -13*r - 216. What is the hundreds digit of v(y)?
1
Suppose 1153*s - 1150*s + c - 34367 = 0, 4*s + 3*c - 45826 = 0. What is the hundreds digit of s?
4
Suppose 56 = 2*n + 2*t, 46 + 38 = 3*n + 2*t. Suppose -n*s + 27*s + 502 = 0. What is the hundreds digit of s?
5
Let x(p) = -2*p**3 - p**2 + 5*p - 6. Let o(v) = -v - 15. Let f be o(-13). Let c be (f/5)/(4/40). What is the tens digit of x(c)?
8
Let r(s) = -651*s**3 - 2*s**2 + s + 2. Let z be r(-1). Suppose 3*g + 0*g + 520 = -4*p, 3*g = -5*p - z. Let f = -57 - p. What is the tens digit of f?
7
What is the units digit of (9 + (-1 - 2))*(-292233)/(-174)?
7
Let z be (-1)/((-2)/4) - 7/(-7). Suppose s = 12*v - 9*v - 1434, -z*v + 5*s = -1422. What is the hundreds digit of v?
4
Let j(q) = -128*q + 1. Let n be j(-6). Let s = 1102 - n. What is the hundreds digit of s?
3
Let a be -5 + 7/1 + 1225. Let o = -644 + a. What is the tens digit of o?
8
Let n(t) = 393*t - 191. What is the tens digit of n(9)?
4
Let t(k) = -k**2 - k. Let s(i) = 15*i**2 + 9*i - 11. Let g(a) = s(a) + 6*t(a). Let c be g(2). Suppose 35*x = c*x + 536. What is the hundreds digit of x?
1
Suppose 5*f = 2 - 17, 0 = 4*h - 5*f - 19399. What is the tens digit of h?
4
Suppose 0 = -2*g - 4*l + 69464, -5*g + 173654 = 27*l - 23*l. What is the hundreds digit of g?
7
What is the tens digit of 8*(37854/4 - 52/(-4))?
1
Let t = 13009 - 12892. Let x = 16 + -11. What is the tens digit of (-1)/(((-15)/t)/x)?
3
Let p(r) = 9 - 28*r**2 + 4*r**2 + 1 + r**2 + 39*r. Let m(u) = 8*u**2 - 13*u - 3. Let a(v) = -17*m(v) - 6*p(v). What is the tens digit of a(12)?
2
Suppose -29*s = -297278 - 619617 - 531713. What is the hundreds digit of s?
9
Suppose f = 3*f + 3*j - 16, -5*f + 26 = 4*j. Let a be (782/23)/(1/f). What is the units digit of 2159/a + (-2)/(-8)?
2
Let f = -13 - -17. Let d be (f - 64)/3*(0 - 1). What is the units digit of 32/(-20)*d/1*-1?
2
Let t(y) = 775*y**2 + 54*y - 213. What is the units digit of t(5)?
2
Suppose -r - 9 = -3*s, s + 3*r = 2*s - 3. Suppose -h = s*h + 16, -2*d = -3*h - 48. Let k(o) = -2*o**2 + 46*o + 24. What is the hundreds digit of k(d)?
2
Suppose 14*z - 158130 = -215199 + 739205. What is the hundreds digit of z?
7
Suppose 824 - 4868 = -4*z. Suppose 4*q + 12 = 0, q = 5*j - 2*q - 1824. Suppose 9*t + j = z. What is the units digit of t?
2
Suppose -k + v = 398, -5*k - v = 2460 - 446. Let z = -80 - k. What is the tens digit of z?
2
Suppose 2*x + 4 = 3*c - 6*c, -c - 8 = -x. Suppose x*q - 132 = -0*q. Suppose -p = -3*f - 12, -2*p + 5*f + q = 2*f. What is the units digit of p?
1
Let j(b) = b + 4. Let s be (-4)/18 - (4 - 80/36). Let k be j(s). Let p(r) = 59*r**2 + 8*r - 14. What is the hundreds digit of p(k)?
2
Suppose 0 = -2*p - 2*x - 19598, -2*x - 4722 = -5*p - 53682. What is the hundreds digit of 1/(-9) - p*(-3)/(-54)?
5
Let p be (2 - 0) + (-132)/2. Suppose -3*h - 36 = 3*b - 4*b, 5*b = 15. Let l = h - p. What is the units digit of l?
3
Let r = 17505 + -8728. What is the hundreds digit of r?
7
Let g(n) = 1320*n**2 - 1054*n - 7320. What is the ten thousands digit of g(-7)?
6
Let t = -183 - -235. What is the units digit of t - -93 - 1/(1/(-2))?
7
Let n(g) = 11*g**2 - 17. Let x be n(5). Let s = x - 236. What is the units digit of s?
2
Let x = -19 + 21. What is the units digit of -15*(-5 - 7) + x?
2
Suppose 1 + 6 = n - 2*d, -4*d = 3*n - 1. Suppose -1716 = -5*t - n*m, -5*m + 593 - 2333 = -5*t. What is the tens digit of t?
4
Suppose -425 = -5*p + 2*p - 2*y, -2*p + 5*y + 258 = 0. Suppose -345 = -134*z + p*z. What is the units digit of -155*(z/15 - -4)?
3
Let j be 26/143 - ((-9783)/(-33))/(-3). Suppose -i = -j - 121. What is the hundreds digit of i?
2
Suppose 3*z - 2*d = 577, 8*z - 5*d = 7*z + 214. What is the units digit of ((-21)/7 - -4)*z?
9
Let w = 71 - 71. Suppose h + 3*d - 10 = w, -h + 3*d + 4 = 6. Suppose -h*c = -160 + 8. What is the tens digit of c?
3
What is the ten thousands digit of 7 - -4*183/(-6)*(8 + -211)?
2
Let g(d) = -d**2 - 1762*d + 884*d + 877*d - 2 - 3*d**3. Suppose -5*q - 1 = 14. What is the tens digit of g(q)?
7
Let j(k) = -k**3 - 10*k**2 + 15*k - 37. What is the hundreds digit of j(-31)?
6
Suppose 0 = -191*t + 1456394 + 944667. What is the tens digit of t?
7
Let n(h) = 579*h + 43. Let y be n(7). Suppose 8*z = -920 + y. What is the hundreds digit of z?
3
Let o(z) = -6*z + 19*z + 7*z - 10 - 4*z**2 + 3*z**2. Let h be 7 + 3*(-3)/(-9). What is the units digit of o(h)?
6
Let g(z) = z**2 + z + 17. Let h(u) = 2*u**2 + u + 17. Let t(w) = -3*g(w) + 2*h(w). Suppose 8*o = -16 - 6 - 10. What is the units digit of t(o)?
3
Suppose 225714 - 1391851 = -0*c - 61*c. What is the hundreds digit of c?
1
Let j(v) = 2 - 12 - 10 + 2*v. Let y be j(15). What is the tens digit of (17/2)/(-2 - y/(-4))?
1
What is the tens digit of 0 - 82475/(-6) - 3*4/(-72)?
4
Suppose -3*j = 12*j - 23010. Suppose 64 = -6*u + j. What is the units digit of u?
5
Let l(g) be the second derivative of 11*g**4/12 + 4*g**3/3 - 40*g**2 - 15*g - 4. What is the hundreds digit of l(10)?
1
Let y(d) be the third derivative of d**5/60 - d**4/3 + d**3 - 232*d**2. What is the tens digit of y(-6)?
9
Let f(t) be the first derivative of 109*t**3/3 + 5*t**2/2 - 4*t - 58. What is the hundreds digit of f(1)?
1
Let f(d) = 5 + 69 + 5*d